{"id":1147,"date":"2025-12-09T17:36:15","date_gmt":"2025-12-09T22:36:15","guid":{"rendered":"https:\/\/casacolibri.co\/?page_id=1147"},"modified":"2025-12-24T11:10:52","modified_gmt":"2025-12-24T16:10:52","slug":"agenda-viva","status":"publish","type":"page","link":"https:\/\/casacolibri.co\/index.php\/agenda-viva\/","title":{"rendered":"AGENDA"},"content":{"rendered":"\t\t<div data-elementor-type=\"wp-page\" data-elementor-id=\"1147\" class=\"elementor elementor-1147\" data-elementor-post-type=\"page\">\n\t\t\t\t\t\t<section class=\"elementor-section elementor-top-section elementor-element elementor-element-436af72 elementor-section-boxed elementor-section-height-default elementor-section-height-default\" data-id=\"436af72\" data-element_type=\"section\" data-e-type=\"section\">\n\t\t\t\t\t\t<div class=\"elementor-container elementor-column-gap-default\">\n\t\t\t\t\t<div class=\"elementor-column elementor-col-100 elementor-top-column elementor-element elementor-element-1a8570c\" data-id=\"1a8570c\" data-element_type=\"column\" data-e-type=\"column\">\n\t\t\t<div class=\"elementor-widget-wrap elementor-element-populated\">\n\t\t\t\t\t\t<div class=\"elementor-element elementor-element-34d1128 elementor-widget elementor-widget-image\" data-id=\"34d1128\" data-element_type=\"widget\" data-e-type=\"widget\" data-widget_type=\"image.default\">\n\t\t\t\t<div class=\"elementor-widget-container\">\n\t\t\t\t\t\t\t\t\t\t\t\t\t\t\t<img fetchpriority=\"high\" decoding=\"async\" width=\"1024\" height=\"652\" src=\"https:\/\/casacolibri.co\/wp-content\/uploads\/2025\/12\/Gemini_Generated_Image_rr0rs1rr0rs1rr0r.png\" class=\"attachment-full size-full wp-image-1256\" alt=\"\" srcset=\"https:\/\/casacolibri.co\/wp-content\/uploads\/2025\/12\/Gemini_Generated_Image_rr0rs1rr0rs1rr0r.png 1024w, https:\/\/casacolibri.co\/wp-content\/uploads\/2025\/12\/Gemini_Generated_Image_rr0rs1rr0rs1rr0r-300x191.png 300w, https:\/\/casacolibri.co\/wp-content\/uploads\/2025\/12\/Gemini_Generated_Image_rr0rs1rr0rs1rr0r-768x489.png 768w\" sizes=\"(max-width: 1024px) 100vw, 1024px\" \/>\t\t\t\t\t\t\t\t\t\t\t\t\t\t\t<\/div>\n\t\t\t\t<\/div>\n\t\t\t\t\t<\/div>\n\t\t<\/div>\n\t\t\t\t\t<\/div>\n\t\t<\/section>\n\t\t\t\t<section class=\"elementor-section elementor-top-section elementor-element elementor-element-f79b683 elementor-section-boxed elementor-section-height-default elementor-section-height-default\" data-id=\"f79b683\" data-element_type=\"section\" data-e-type=\"section\">\n\t\t\t\t\t\t<div class=\"elementor-container elementor-column-gap-default\">\n\t\t\t\t\t<div class=\"elementor-column elementor-col-100 elementor-top-column elementor-element elementor-element-046e233\" data-id=\"046e233\" data-element_type=\"column\" data-e-type=\"column\">\n\t\t\t<div class=\"elementor-widget-wrap elementor-element-populated\">\n\t\t\t\t\t\t<div class=\"elementor-element elementor-element-7162733 elementor-widget elementor-widget-heading\" data-id=\"7162733\" data-element_type=\"widget\" data-e-type=\"widget\" data-widget_type=\"heading.default\">\n\t\t\t\t<div class=\"elementor-widget-container\">\n\t\t\t\t\t<h2 class=\"elementor-heading-title elementor-size-default\">\u00a1Bienvenido a la Agenda Viva!<\/h2>\t\t\t\t<\/div>\n\t\t\t\t<\/div>\n\t\t\t\t\t<\/div>\n\t\t<\/div>\n\t\t\t\t\t<\/div>\n\t\t<\/section>\n\t\t\t\t<section class=\"elementor-section elementor-top-section elementor-element elementor-element-db9ff84 elementor-section-boxed elementor-section-height-default elementor-section-height-default\" data-id=\"db9ff84\" data-element_type=\"section\" data-e-type=\"section\">\n\t\t\t\t\t\t<div class=\"elementor-container elementor-column-gap-default\">\n\t\t\t\t\t<div class=\"elementor-column elementor-col-100 elementor-top-column elementor-element elementor-element-eade09b\" data-id=\"eade09b\" data-element_type=\"column\" data-e-type=\"column\">\n\t\t\t<div class=\"elementor-widget-wrap elementor-element-populated\">\n\t\t\t\t\t\t<div class=\"elementor-element elementor-element-6e5ea5a elementor-widget elementor-widget-text-editor\" data-id=\"6e5ea5a\" data-element_type=\"widget\" data-e-type=\"widget\" data-widget_type=\"text-editor.default\">\n\t\t\t\t<div class=\"elementor-widget-container\">\n\t\t\t\t\t\t\t\t\t<h5 style=\"text-align: center;\" data-path-to-node=\"14,0\"><strong>\u00a1No te pierdas de nada! \ud83c\udf3f<\/strong><\/h5><h5 style=\"text-align: center;\" data-path-to-node=\"14,1\"><strong>La monta\u00f1a siempre est\u00e1 activa. Consulta nuestra programaci\u00f3n oficial de experiencias, talleres y eventos de Abos Tour y Bio Casa Colibr\u00ed en tiempo real.<\/strong><\/h5>\t\t\t\t\t\t\t\t<\/div>\n\t\t\t\t<\/div>\n\t\t\t\t\t<\/div>\n\t\t<\/div>\n\t\t\t\t\t<\/div>\n\t\t<\/section>\n\t\t\t\t<section class=\"elementor-section elementor-top-section elementor-element elementor-element-942bacd elementor-section-boxed elementor-section-height-default elementor-section-height-default\" data-id=\"942bacd\" data-element_type=\"section\" data-e-type=\"section\">\n\t\t\t\t\t\t<div class=\"elementor-container elementor-column-gap-default\">\n\t\t\t\t\t<div class=\"elementor-column elementor-col-100 elementor-top-column elementor-element elementor-element-d55a697\" data-id=\"d55a697\" data-element_type=\"column\" data-e-type=\"column\">\n\t\t\t<div class=\"elementor-widget-wrap elementor-element-populated\">\n\t\t\t\t\t\t<div class=\"elementor-element elementor-element-aebbe77 elementor-widget elementor-widget-html\" data-id=\"aebbe77\" data-element_type=\"widget\" data-e-type=\"widget\" data-widget_type=\"html.default\">\n\t\t\t\t<div class=\"elementor-widget-container\">\n\t\t\t\t\t<iframe src=\"https:\/\/calendar.google.com\/calendar\/embed?height=600&wkst=2&ctz=America%2FBogota&title=AGENDA%20VIVA%3A%20Arte%2C%20Naturaleza%20y%20Bienestar&mode=AGENDA&src=ZDc3Y2VhMzllYzU2Zjk2YWJmNDdjOWNjMjMwZGY2NjRhZDUwNWU2MzA3M2IyY2MyNWJmNzg4YmJhYzk5OTZjN0Bncm91cC5jYWxlbmRhci5nb29nbGUuY29t&color=%230b8043\" style=\"border:solid 1px #777\" width=\"800\" height=\"600\" frameborder=\"0\" scrolling=\"no\"><\/iframe>\t\t\t\t<\/div>\n\t\t\t\t<\/div>\n\t\t\t\t\t<\/div>\n\t\t<\/div>\n\t\t\t\t\t<\/div>\n\t\t<\/section>\n\t\t\t\t<\/div>\n\t\t","protected":false},"excerpt":{"rendered":"<p>\u00a1Bienvenido a la Agenda Viva! \u00a1No te pierdas de nada! \ud83c\udf3f La monta\u00f1a siempre est\u00e1 activa. Consulta nuestra programaci\u00f3n oficial de experiencias, talleres y eventos de Abos Tour y Bio Casa Colibr\u00ed en tiempo real.<\/p>\n","protected":false},"author":1,"featured_media":1256,"parent":0,"menu_order":0,"comment_status":"closed","ping_status":"closed","template":"","meta":{"site-sidebar-layout":"default","site-content-layout":"","ast-site-content-layout":"default","site-content-style":"default","site-sidebar-style":"default","ast-global-header-display":"","ast-banner-title-visibility":"","ast-main-header-display":"","ast-hfb-above-header-display":"","ast-hfb-below-header-display":"","ast-hfb-mobile-header-display":"","site-post-title":"","ast-breadcrumbs-content":"","ast-featured-img":"","footer-sml-layout":"","ast-disable-related-posts":"","theme-transparent-header-meta":"","adv-header-id-meta":"","stick-header-meta":"","header-above-stick-meta":"","header-main-stick-meta":"","header-below-stick-meta":"","astra-migrate-meta-layouts":"set","ast-page-background-enabled":"default","ast-page-background-meta":{"desktop":{"background-color":"","background-image":"","background-repeat":"repeat","background-position":"center center","background-size":"auto","background-attachment":"scroll","background-type":"","background-media":"","overlay-type":"","overlay-color":"","overlay-opacity":"","overlay-gradient":""},"tablet":{"background-color":"","background-image":"","background-repeat":"repeat","background-position":"center center","background-size":"auto","background-attachment":"scroll","background-type":"","background-media":"","overlay-type":"","overlay-color":"","overlay-opacity":"","overlay-gradient":""},"mobile":{"background-color":"","background-image":"","background-repeat":"repeat","background-position":"center center","background-size":"auto","background-attachment":"scroll","background-type":"","background-media":"","overlay-type":"","overlay-color":"","overlay-opacity":"","overlay-gradient":""}},"ast-content-background-meta":{"desktop":{"background-color":"var(--ast-global-color-5)","background-image":"","background-repeat":"repeat","background-position":"center center","background-size":"auto","background-attachment":"scroll","background-type":"","background-media":"","overlay-type":"","overlay-color":"","overlay-opacity":"","overlay-gradient":""},"tablet":{"background-color":"var(--ast-global-color-5)","background-image":"","background-repeat":"repeat","background-position":"center center","background-size":"auto","background-attachment":"scroll","background-type":"","background-media":"","overlay-type":"","overlay-color":"","overlay-opacity":"","overlay-gradient":""},"mobile":{"background-color":"var(--ast-global-color-5)","background-image":"","background-repeat":"repeat","background-position":"center center","background-size":"auto","background-attachment":"scroll","background-type":"","background-media":"","overlay-type":"","overlay-color":"","overlay-opacity":"","overlay-gradient":""}},"footnotes":""},"class_list":["post-1147","page","type-page","status-publish","has-post-thumbnail","hentry"],"yoast_head":"<!-- This site is optimized with the Yoast SEO Premium plugin v24.8 (Yoast SEO v24.8) - https:\/\/yoast.com\/wordpress\/plugins\/seo\/ -->\n<title>AGENDA - Bio Casa Colibr\u00ed<\/title>\n<meta name=\"description\" content=\"Consulta nuestra programaci\u00f3n: caminatas ancestrales, talleres de artes y oficios, y c\u00edrculos de palabra. Vive la cultura muisca y campesina en los Cerros Orientales.\" \/>\n<meta name=\"robots\" content=\"index, follow, max-snippet:-1, max-image-preview:large, max-video-preview:-1\" \/>\n<link rel=\"canonical\" href=\"https:\/\/casacolibri.co\/index.php\/agenda-viva\/\" \/>\n<meta property=\"og:locale\" content=\"es_ES\" \/>\n<meta property=\"og:type\" content=\"article\" \/>\n<meta property=\"og:title\" content=\"AGENDA\" \/>\n<meta property=\"og:description\" content=\"Consulta nuestra programaci\u00f3n: caminatas ancestrales, talleres de artes y oficios, y c\u00edrculos de palabra. Vive la cultura muisca y campesina en los Cerros Orientales.\" \/>\n<meta property=\"og:url\" content=\"https:\/\/casacolibri.co\/index.php\/agenda-viva\/\" \/>\n<meta property=\"og:site_name\" content=\"Bio Casa Colibr\u00ed\" \/>\n<meta property=\"article:publisher\" content=\"https:\/\/www.facebook.com\/BioCasaColibri\" \/>\n<meta property=\"article:modified_time\" content=\"2025-12-24T16:10:52+00:00\" \/>\n<meta property=\"og:image\" content=\"https:\/\/casacolibri.co\/wp-content\/uploads\/2025\/12\/Gemini_Generated_Image_rr0rs1rr0rs1rr0r.png\" \/>\n\t<meta property=\"og:image:width\" content=\"1024\" \/>\n\t<meta property=\"og:image:height\" content=\"652\" \/>\n\t<meta property=\"og:image:type\" content=\"image\/png\" \/>\n<meta name=\"twitter:card\" content=\"summary_large_image\" \/>\n<meta name=\"twitter:label1\" content=\"Tiempo de lectura\" \/>\n\t<meta name=\"twitter:data1\" content=\"1 minuto\" \/>\n<script type=\"application\/ld+json\" class=\"yoast-schema-graph\">{\"@context\":\"https:\/\/schema.org\",\"@graph\":[{\"@type\":\"WebPage\",\"@id\":\"https:\/\/casacolibri.co\/index.php\/agenda-viva\/\",\"url\":\"https:\/\/casacolibri.co\/index.php\/agenda-viva\/\",\"name\":\"AGENDA - Bio Casa Colibr\u00ed\",\"isPartOf\":{\"@id\":\"https:\/\/casacolibri.co\/#website\"},\"primaryImageOfPage\":{\"@id\":\"https:\/\/casacolibri.co\/index.php\/agenda-viva\/#primaryimage\"},\"image\":{\"@id\":\"https:\/\/casacolibri.co\/index.php\/agenda-viva\/#primaryimage\"},\"thumbnailUrl\":\"https:\/\/casacolibri.co\/wp-content\/uploads\/2025\/12\/Gemini_Generated_Image_rr0rs1rr0rs1rr0r.png\",\"datePublished\":\"2025-12-09T22:36:15+00:00\",\"dateModified\":\"2025-12-24T16:10:52+00:00\",\"description\":\"Consulta nuestra programaci\u00f3n: caminatas ancestrales, talleres de artes y oficios, y c\u00edrculos de palabra. Vive la cultura muisca y campesina en los Cerros Orientales.\",\"breadcrumb\":{\"@id\":\"https:\/\/casacolibri.co\/index.php\/agenda-viva\/#breadcrumb\"},\"inLanguage\":\"es\",\"potentialAction\":[{\"@type\":\"ReadAction\",\"target\":[\"https:\/\/casacolibri.co\/index.php\/agenda-viva\/\"]}]},{\"@type\":\"ImageObject\",\"inLanguage\":\"es\",\"@id\":\"https:\/\/casacolibri.co\/index.php\/agenda-viva\/#primaryimage\",\"url\":\"https:\/\/casacolibri.co\/wp-content\/uploads\/2025\/12\/Gemini_Generated_Image_rr0rs1rr0rs1rr0r.png\",\"contentUrl\":\"https:\/\/casacolibri.co\/wp-content\/uploads\/2025\/12\/Gemini_Generated_Image_rr0rs1rr0rs1rr0r.png\",\"width\":1024,\"height\":652},{\"@type\":\"BreadcrumbList\",\"@id\":\"https:\/\/casacolibri.co\/index.php\/agenda-viva\/#breadcrumb\",\"itemListElement\":[{\"@type\":\"ListItem\",\"position\":1,\"name\":\"Home\",\"item\":\"https:\/\/casacolibri.co\/\"},{\"@type\":\"ListItem\",\"position\":2,\"name\":\"AGENDA\"}]},{\"@type\":\"WebSite\",\"@id\":\"https:\/\/casacolibri.co\/#website\",\"url\":\"https:\/\/casacolibri.co\/\",\"name\":\"Bio Casa Colibr\u00ed\",\"description\":\"Resguardo Cultural y Natural de los Cerros Orientales de Bogot\u00e1\",\"publisher\":{\"@id\":\"https:\/\/casacolibri.co\/#organization\"},\"potentialAction\":[{\"@type\":\"SearchAction\",\"target\":{\"@type\":\"EntryPoint\",\"urlTemplate\":\"https:\/\/casacolibri.co\/?s={search_term_string}\"},\"query-input\":{\"@type\":\"PropertyValueSpecification\",\"valueRequired\":true,\"valueName\":\"search_term_string\"}}],\"inLanguage\":\"es\"},{\"@type\":\"Organization\",\"@id\":\"https:\/\/casacolibri.co\/#organization\",\"name\":\"Bio Casa Colibr\u00ed\",\"url\":\"https:\/\/casacolibri.co\/\",\"logo\":{\"@type\":\"ImageObject\",\"inLanguage\":\"es\",\"@id\":\"https:\/\/casacolibri.co\/#\/schema\/logo\/image\/\",\"url\":\"https:\/\/casacolibri.co\/wp-content\/uploads\/2020\/07\/cropped-LOGO-BIO-CASA-COLIBRI-JPG-scaled-1-e1765383845723.jpg\",\"contentUrl\":\"https:\/\/casacolibri.co\/wp-content\/uploads\/2020\/07\/cropped-LOGO-BIO-CASA-COLIBRI-JPG-scaled-1-e1765383845723.jpg\",\"width\":130,\"height\":60,\"caption\":\"Bio Casa Colibr\u00ed\"},\"image\":{\"@id\":\"https:\/\/casacolibri.co\/#\/schema\/logo\/image\/\"},\"sameAs\":[\"https:\/\/www.facebook.com\/BioCasaColibri\",\"https:\/\/www.instagram.com\/biocasacolibri\/\"]}]}<\/script>\n<!-- \/ Yoast SEO Premium plugin. -->","yoast_head_json":{"title":"AGENDA - Bio Casa Colibr\u00ed","description":"Consulta nuestra programaci\u00f3n: caminatas ancestrales, talleres de artes y oficios, y c\u00edrculos de palabra. Vive la cultura muisca y campesina en los Cerros Orientales.","robots":{"index":"index","follow":"follow","max-snippet":"max-snippet:-1","max-image-preview":"max-image-preview:large","max-video-preview":"max-video-preview:-1"},"canonical":"https:\/\/casacolibri.co\/index.php\/agenda-viva\/","og_locale":"es_ES","og_type":"article","og_title":"AGENDA","og_description":"Consulta nuestra programaci\u00f3n: caminatas ancestrales, talleres de artes y oficios, y c\u00edrculos de palabra. Vive la cultura muisca y campesina en los Cerros Orientales.","og_url":"https:\/\/casacolibri.co\/index.php\/agenda-viva\/","og_site_name":"Bio Casa Colibr\u00ed","article_publisher":"https:\/\/www.facebook.com\/BioCasaColibri","article_modified_time":"2025-12-24T16:10:52+00:00","og_image":[{"width":1024,"height":652,"url":"https:\/\/casacolibri.co\/wp-content\/uploads\/2025\/12\/Gemini_Generated_Image_rr0rs1rr0rs1rr0r.png","type":"image\/png"}],"twitter_card":"summary_large_image","twitter_misc":{"Tiempo de lectura":"1 minuto"},"schema":{"@context":"https:\/\/schema.org","@graph":[{"@type":"WebPage","@id":"https:\/\/casacolibri.co\/index.php\/agenda-viva\/","url":"https:\/\/casacolibri.co\/index.php\/agenda-viva\/","name":"AGENDA - Bio Casa Colibr\u00ed","isPartOf":{"@id":"https:\/\/casacolibri.co\/#website"},"primaryImageOfPage":{"@id":"https:\/\/casacolibri.co\/index.php\/agenda-viva\/#primaryimage"},"image":{"@id":"https:\/\/casacolibri.co\/index.php\/agenda-viva\/#primaryimage"},"thumbnailUrl":"https:\/\/casacolibri.co\/wp-content\/uploads\/2025\/12\/Gemini_Generated_Image_rr0rs1rr0rs1rr0r.png","datePublished":"2025-12-09T22:36:15+00:00","dateModified":"2025-12-24T16:10:52+00:00","description":"Consulta nuestra programaci\u00f3n: caminatas ancestrales, talleres de artes y oficios, y c\u00edrculos de palabra. Vive la cultura muisca y campesina en los Cerros Orientales.","breadcrumb":{"@id":"https:\/\/casacolibri.co\/index.php\/agenda-viva\/#breadcrumb"},"inLanguage":"es","potentialAction":[{"@type":"ReadAction","target":["https:\/\/casacolibri.co\/index.php\/agenda-viva\/"]}]},{"@type":"ImageObject","inLanguage":"es","@id":"https:\/\/casacolibri.co\/index.php\/agenda-viva\/#primaryimage","url":"https:\/\/casacolibri.co\/wp-content\/uploads\/2025\/12\/Gemini_Generated_Image_rr0rs1rr0rs1rr0r.png","contentUrl":"https:\/\/casacolibri.co\/wp-content\/uploads\/2025\/12\/Gemini_Generated_Image_rr0rs1rr0rs1rr0r.png","width":1024,"height":652},{"@type":"BreadcrumbList","@id":"https:\/\/casacolibri.co\/index.php\/agenda-viva\/#breadcrumb","itemListElement":[{"@type":"ListItem","position":1,"name":"Home","item":"https:\/\/casacolibri.co\/"},{"@type":"ListItem","position":2,"name":"AGENDA"}]},{"@type":"WebSite","@id":"https:\/\/casacolibri.co\/#website","url":"https:\/\/casacolibri.co\/","name":"Bio Casa Colibr\u00ed","description":"Resguardo Cultural y Natural de los Cerros Orientales de Bogot\u00e1","publisher":{"@id":"https:\/\/casacolibri.co\/#organization"},"potentialAction":[{"@type":"SearchAction","target":{"@type":"EntryPoint","urlTemplate":"https:\/\/casacolibri.co\/?s={search_term_string}"},"query-input":{"@type":"PropertyValueSpecification","valueRequired":true,"valueName":"search_term_string"}}],"inLanguage":"es"},{"@type":"Organization","@id":"https:\/\/casacolibri.co\/#organization","name":"Bio Casa Colibr\u00ed","url":"https:\/\/casacolibri.co\/","logo":{"@type":"ImageObject","inLanguage":"es","@id":"https:\/\/casacolibri.co\/#\/schema\/logo\/image\/","url":"https:\/\/casacolibri.co\/wp-content\/uploads\/2020\/07\/cropped-LOGO-BIO-CASA-COLIBRI-JPG-scaled-1-e1765383845723.jpg","contentUrl":"https:\/\/casacolibri.co\/wp-content\/uploads\/2020\/07\/cropped-LOGO-BIO-CASA-COLIBRI-JPG-scaled-1-e1765383845723.jpg","width":130,"height":60,"caption":"Bio Casa Colibr\u00ed"},"image":{"@id":"https:\/\/casacolibri.co\/#\/schema\/logo\/image\/"},"sameAs":["https:\/\/www.facebook.com\/BioCasaColibri","https:\/\/www.instagram.com\/biocasacolibri\/"]}]}},"_links":{"self":[{"href":"https:\/\/casacolibri.co\/index.php\/wp-json\/wp\/v2\/pages\/1147","targetHints":{"allow":["GET"]}}],"collection":[{"href":"https:\/\/casacolibri.co\/index.php\/wp-json\/wp\/v2\/pages"}],"about":[{"href":"https:\/\/casacolibri.co\/index.php\/wp-json\/wp\/v2\/types\/page"}],"author":[{"embeddable":true,"href":"https:\/\/casacolibri.co\/index.php\/wp-json\/wp\/v2\/users\/1"}],"replies":[{"embeddable":true,"href":"https:\/\/casacolibri.co\/index.php\/wp-json\/wp\/v2\/comments?post=1147"}],"version-history":[{"count":20,"href":"https:\/\/casacolibri.co\/index.php\/wp-json\/wp\/v2\/pages\/1147\/revisions"}],"predecessor-version":[{"id":1266,"href":"https:\/\/casacolibri.co\/index.php\/wp-json\/wp\/v2\/pages\/1147\/revisions\/1266"}],"wp:featuredmedia":[{"embeddable":true,"href":"https:\/\/casacolibri.co\/index.php\/wp-json\/wp\/v2\/media\/1256"}],"wp:attachment":[{"href":"https:\/\/casacolibri.co\/index.php\/wp-json\/wp\/v2\/media?parent=1147"}],"curies":[{"name":"wp","href":"https:\/\/api.w.org\/{rel}","templated":true}]}}